(-9).
2, 3, 5
Let j be 74/(-6) + (-2)/(-6). What are the prime factors of (-3)/j - (-206)/8?
2, 13
Let h = 52 + -88. What are the prime factors of 8/h - 20/(-9)?
2
Suppose 231 = 4*i - 17. What are the prime factors of i?
2, 31
Let u(t) = -2*t - 2. Let i(b) = -10*b - 10. Let z(x) = 3*i(x) - 14*u(x). What are the prime factors of z(-4)?
2, 3
Let a be (-114)/(-27) - (-4)/(-18). Suppose j + a*k - 26 = 0, 4*j + 0*j - 104 = -3*k. What are the prime factors of j?
2, 13
Let l(n) = 3*n - 6. Let f be l(6). Let q = 8 - f. Let b = 6 - q. List the prime factors of b.
2, 5
Suppose -5*b + 3*o = -230, 0 = b - 4*b - 2*o + 138. What are the prime factors of b?
2, 23
Let i(g) = g**2 - 4*g - 4. Let p be i(4). Let h be 2/p*(4 + -4). What are the prime factors of 33/(-12)*(h + -4)?
11
Let j = 38 - -66. Suppose -j = 6*k - 326. What are the prime factors of k?
37
Let j(p) be the second derivative of p**4/12 + p**3/6 + 6*p**2 + 3*p. What are the prime factors of j(0)?
2, 3
Suppose 2*d - 8 = -4*j, 3*j - 8 = 4*d - 46. Let c = 19 - d. List the prime factors of c.
11
Suppose 111*u - 504 = 103*u. What are the prime factors of u?
3, 7
Let r = -9 + 13. Suppose 0 = -r*h - u + 8, -h = -5*h - 2*u + 8. Suppose -24 = -h*w + c, -3*w + 4*c = w - 52. List the prime factors of w.
11
Suppose -2*d = -10 + 4. Suppose 3*h - 60 = 3*m, -d*h + 4*h - 5*m = 32. List the prime factors of h.
17
Suppose -b = -9 + 27. Let a be 4/b - (-60)/27. List the prime factors of a + 1 - 52/(-4).
2
Suppose a - 2 = -0*a. Suppose -a = -5*d + 2*c, 0*d + 2*c = 2*d + 4. Let p = 7 - d. What are the prime factors of p?
5
Suppose -2*f + 11 = -75. What are the prime factors of f?
43
Suppose -c - 21 = -s - 5*c, 2*s - 33 = c. Suppose -y + s = -17. What are the prime factors of y?
2, 17
Let k = -19 - -12. Let f(n) = n**2 + 4*n + 6. List the prime factors of f(k).
3
Let g = 70 + -49. List the prime factors of g.
3, 7
Let m(v) = v**3 - 2*v**2 - 10*v - 17. What are the prime factors of m(6)?
67
Let s(x) = -5*x**2 + 7*x + 2. Let i(r) = -4*r**2 + 8*r + 3. Let o(z) = -6*i(z) + 5*s(z). List the prime factors of o(-9).
2, 7
Let o = -46 - -80. What are the prime factors of o?
2, 17
Let z(c) = 9*c**2 - c + 3. What are the prime factors of z(-2)?
41
Let o(q) = 9*q. Let w = 2 + -3. Let g be o(w). Let l = g - -19. What are the prime factors of l?
2, 5
Suppose 160 = a + a. List the prime factors of a.
2, 5
Let s be 4 - -3 - (2 + -5). Suppose 0 = 2*l - 20 - s. Suppose 0*d + d = l. List the prime factors of d.
3, 5
List the prime factors of -3 + (-785)/(-5) - 4.
2, 3, 5
Let s(p) = -p + 18. Let d be (5/2 + 0)*2. Let w(m) = -m + 9. Let z(n) = d*w(n) - 3*s(n). What are the prime factors of z(-6)?
3
Suppose o = -5, -f - o - 4*o = -10. Suppose f = 6*t - 3*t - 2*r, -3*t - 3*r + 45 = 0. What are the prime factors of t?
13
Let t be (0 + 1)/(3 - 2). What are the prime factors of (-3 + 3 + 3)/t?
3
Let l(y) = -2*y - 9. Let d be l(-6). Suppose -d*m + 10 - 28 = 0. What are the prime factors of (-4)/m - 38/(-6)?
7
Suppose 0 = -2*q + 4*q + 2. Let v(a) = 10*a**2 - a - 1. What are the prime factors of v(q)?
2, 5
Suppose -14 = 4*m - 74. What are the prime factors of m?
3, 5
Let j = -7 + 25. What are the prime factors of 166/12 - (-3)/j?
2, 7
Suppose 4*g - 3*x - x = 4, -2*g + x = 1. Let l(c) = 3*c**2 - 2*c**2 + 4*c - 3*c. What are the prime factors of l(g)?
2
What are the prime factors of (-1)/4 - (-342)/24?
2, 7
Suppose 5*o = -5*x + 115, o = -2*x + 4*x - 43. Let b = -6 + x. What are the prime factors of b?
2
Suppose -27 = -i + 34. Let s be i - (-3 + 4 + -3). Suppose s = 5*q + 18. What are the prime factors of q?
3
Suppose -5*w + 12 = 2*m, -2*m - 3*m = 5*w - 15. Suppose -w*c + 10 = 0, 3*y + 2*c - 1 = -6. Let a = y + 7. What are the prime factors of a?
2
Suppose 5*m - 6 = 2*p, -p + 3*m = 5 - 0. What are the prime factors of p?
7
Suppose -m + 6 = -3*m. Let f be 2 + m - (1 + -10). Suppose -v - v - f = 0, 4*v + 80 = 4*i. List the prime factors of i.
2
Let c be 2/6*(-3 + 6). Let v be c - (-3)/(-1) - 1. List the prime factors of (-1 - v)*(-5)/(-2).
5
Let a be -3 + 6/(-1)*-1. What are the prime factors of (117/(-52))/(a/(-56))?
2, 3, 7
List the prime factors of -3*(-2 - (-4)/4).
3
Let w = -9 - -13. List the prime factors of w.
2
Suppose -108 = -2*v - 26. List the prime factors of v.
41
Suppose -14*h + 10*h = -324. List the prime factors of h.
3
Let b be (24/(-10))/((-2)/5). Suppose -96 = -3*n - 3*a, -a = -3*n - b*a + 106. What are the prime factors of n?
3
Let u = -8 + 18. Let f = -7 + u. Suppose y + 5*b + 14 = -0*b, f*y - 26 = 2*b. List the prime factors of y.
2, 3
What are the prime factors of 1 + 12/(-9)*-24?
3, 11
Let h = 7 - -35. Let w = -19 + h. List the prime factors of w.
23
Suppose -2 = -z - 0*z. Suppose -3*j = -z*j + 29. Let c = -18 - j. List the prime factors of c.
11
Suppose 0 = 2*v + 2*v - 8. Suppose -v*i = i - 60. Let s = i + -11. List the prime factors of s.
3
Suppose 0*a - a + 299 = -2*p, 4*a - 2*p - 1166 = 0. List the prime factors of a.
17
Suppose 0 = -4*q + 2*q. Suppose 2*m + 0*m = 3*z - 20, q = -m - 4. What are the prime factors of z?
2
Let x = 200 - 62. What are the prime factors of x?
2, 3, 23
Let f(y) = 20*y + 3. List the prime factors of f(5).
103
Let u be (-14)/(-1) - (-5 + 7). Suppose 5*g = g - u. List the prime factors of (-22)/g + 1/(-3).
7
Let z(l) = -l - 3. Let x be z(-3). Suppose x = -4*q - 2*w + 27 - 11, -w = 0. List the prime factors of q.
2
Let k = 14 - 6. What are the prime factors of 124/k - 1/2?
3, 5
Let c(f) = 0 - 12*f + 6 + 11*f + 6*f. What are the prime factors of c(4)?
2, 13
Let x(n) = -n**3 - 10*n**2 - 10*n + 11. List the prime factors of x(-9).
2, 5
Let b(n) = n**2 - 1. List the prime factors of b(-9).
2, 5
Let f = 18 + -9. Suppose -10 - f = -t. What are the prime factors of t?
19
Let h = -45 + 60. What are the prime factors of h?
3, 5
Suppose -i + 1 = -6. Let d = 1 + i. What are the prime factors of d?
2
Let o = 8 + -3. Suppose -c + 5*q + 11 = 0, -2*c - 2*c - o*q - 6 = 0. List the prime factors of (4/3)/(c/3).
2
Let o(d) = -d**3 + 11*d**2 - 17*d + 5. List the prime factors of o(9).
2, 7
Suppose 19*j = 22*j - 627. What are the prime factors of j?
11, 19
Let t = -6 + -4. Let n = 20 + t. What are the prime factors of n?
2, 5
Let r(u) = u**2 + 9*u - 8. Let b be r(-10). Let y(i) = i**2 - 2*i + 14 - 2*i**b + i**3 + 3*i. List the prime factors of y(0).
2, 7
Let s = 8 + -3. Suppose -s - 13 = -3*v. List the prime factors of v.
2, 3
Suppose 5*d - 360 = -5*g, 271 + 21 = 4*d + 3*g. What are the prime factors of d?
2, 19
Let t(p) = -6*p - 5. Let q be t(-4). Let g = -6 + q. What are the prime factors of g?
13
Suppose 0*m + 16 = 3*z + 2*m, -2*m = -z. Suppose -30 - 22 = -z*r. Suppose 5*i - r - 22 = 0. List the prime factors of i.
7
Let d(j) = 2*j**3 - 25*j**2 + 9*j + 6. What are the prime factors of d(13)?
2, 73
Let l(o) be the third derivative of -o**7/5040 - o**6/360 - o**5/20 + 3*o**2. Let g(h) be the third derivative of l(h). What are the prime factors of g(-4)?
2
Suppose 0 = 2*v + 5*v - 140. What are the prime factors of v?
2, 5
Let t = -8 - -13. Let f(u) be the third derivative of -u**5/60 + 7*u**4/24 - 7*u**3/6 + u**2. What are the prime factors of f(t)?
3
Suppose 3*i - 6 = i. Let b(m) = m**3 + 5*m**2 - 7*m - 1. Let o be b(-6). Suppose 0 = -t + i + o. List the prime factors of t.
2
Suppose 0 = t + 3*o - 114, -t - 426 = -5*t + 3*o. List the prime factors of t.
2, 3
Let m = -138 + 238. List the prime factors of m.
2, 5
Suppose t - 5 = -0*t. Suppose -t*d + 24 = 4*n, 3*n + 10 + 2 = 0. List the prime factors of d.
2
List the prime factors of -2 - -28 - (-1 - 0).
3
Suppose 0 = -3*o + 5*l + 31 + 11, -4*l = 12. What are the prime factors of o?
3
Let h(v) = 0 + 4*v**3 - 7*v**2 + 0*v**3 - 3*v**3 - 2 - 5*v. What are the prime factors of h(8)?
2, 11
Let t(n) = -2*n**3 - 7*n**2 - 9*n + 7. Let d(o) = -o**3 - 3*o**2 - 4*o + 3. Let z(u) = -13*d(u) + 6*t(u). What are the prime factors of z(4)?
11
Suppose -63 - 12 = -5*z. Let c = -2 + z. What are the prime factors of c?
13
Let v(s) = s + 13. Let x be v(-7). Suppose 2*j - j = x. What are the prime factors of ((-38)/(-4))/(3/j)?
19
Let q = 3 + 1. Let r(x) = -4 - x**3 - q*x + 0*x - 3*x**2 - x. List the prime factors of r(-3).
11
Suppose 0*o + o = 2. Suppose -1 = -h + o. Suppose 2*a - z - 20 =